{"id":11737,"date":"2016-05-01T22:45:24","date_gmt":"2016-05-01T21:45:24","guid":{"rendered":"https:\/\/www.maeva-polynesie.fr\/?page_id=11737"},"modified":"2018-05-09T15:41:16","modified_gmt":"2018-05-09T14:41:16","slug":"presentation","status":"publish","type":"page","link":"https:\/\/www.maeva-polynesie.fr\/?page_id=11737","title":{"rendered":"Pr\u00e9sentation"},"content":{"rendered":"<p><div class=\"fusion-fullwidth fullwidth-box fusion-builder-row-1 nonhundred-percent-fullwidth non-hundred-percent-height-scrolling\" style=\"--awb-border-radius-top-left:0px;--awb-border-radius-top-right:0px;--awb-border-radius-bottom-right:0px;--awb-border-radius-bottom-left:0px;--awb-flex-wrap:wrap;\" ><div class=\"fusion-builder-row fusion-row\"><div class=\"fusion-layout-column fusion_builder_column fusion-builder-column-0 fusion_builder_column_2_3 2_3 fusion-two-third fusion-column-first\" style=\"--awb-bg-size:cover;width:66.666666666667%;width:calc(66.666666666667% - ( ( 4% ) * 0.66666666666667 ) );margin-right: 4%;\"><div class=\"fusion-column-wrapper fusion-flex-column-wrapper-legacy\"><div class=\"fusion-image-element in-legacy-container\" style=\"--awb-caption-title-font-family:var(--h2_typography-font-family);--awb-caption-title-font-weight:var(--h2_typography-font-weight);--awb-caption-title-font-style:var(--h2_typography-font-style);--awb-caption-title-size:var(--h2_typography-font-size);--awb-caption-title-transform:var(--h2_typography-text-transform);--awb-caption-title-line-height:var(--h2_typography-line-height);--awb-caption-title-letter-spacing:var(--h2_typography-letter-spacing);\"><span class=\" fusion-imageframe imageframe-dropshadow imageframe-1 hover-type-none\" style=\"-webkit-box-shadow: 3px 3px 7px rgba(0,0,0,0.3);box-shadow: 3px 3px 7px rgba(0,0,0,0.3);\"><img decoding=\"async\" width=\"1100\" height=\"620\" title=\"DSCF0418\" src=\"https:\/\/www.maeva-polynesie.fr\/wp-content\/uploads\/PHOTOS-F\u00caTES\/2016-LATHUS\/DSCF0418.jpg\" alt class=\"img-responsive wp-image-11945\" srcset=\"https:\/\/www.maeva-polynesie.fr\/wp-content\/uploads\/PHOTOS-F\u00caTES\/2016-LATHUS\/DSCF0418-200x113.jpg 200w, https:\/\/www.maeva-polynesie.fr\/wp-content\/uploads\/PHOTOS-F\u00caTES\/2016-LATHUS\/DSCF0418-400x225.jpg 400w, https:\/\/www.maeva-polynesie.fr\/wp-content\/uploads\/PHOTOS-F\u00caTES\/2016-LATHUS\/DSCF0418-600x338.jpg 600w, https:\/\/www.maeva-polynesie.fr\/wp-content\/uploads\/PHOTOS-F\u00caTES\/2016-LATHUS\/DSCF0418-800x451.jpg 800w, https:\/\/www.maeva-polynesie.fr\/wp-content\/uploads\/PHOTOS-F\u00caTES\/2016-LATHUS\/DSCF0418.jpg 1100w\" sizes=\"(max-width: 800px) 100vw, 800px\" \/><\/span><\/div><div class=\"fusion-clearfix\"><\/div><\/div><\/div><div class=\"fusion-layout-column fusion_builder_column fusion-builder-column-1 fusion_builder_column_1_3 1_3 fusion-one-third fusion-column-last\" style=\"--awb-bg-size:cover;width:33.333333333333%;width:calc(33.333333333333% - ( ( 4% ) * 0.33333333333333 ) );\"><div class=\"fusion-column-wrapper fusion-flex-column-wrapper-legacy\"><div class=\"fusion-image-element in-legacy-container\" style=\"--awb-caption-title-font-family:var(--h2_typography-font-family);--awb-caption-title-font-weight:var(--h2_typography-font-weight);--awb-caption-title-font-style:var(--h2_typography-font-style);--awb-caption-title-size:var(--h2_typography-font-size);--awb-caption-title-transform:var(--h2_typography-text-transform);--awb-caption-title-line-height:var(--h2_typography-line-height);--awb-caption-title-letter-spacing:var(--h2_typography-letter-spacing);\"><span class=\" fusion-imageframe imageframe-dropshadow imageframe-2 hover-type-none\" style=\"-webkit-box-shadow: 3px 3px 7px rgba(0,0,0,0.3);box-shadow: 3px 3px 7px rgba(0,0,0,0.3);\"><a class=\"fusion-no-lightbox\" href=\"https:\/\/www.maeva-polynesie.fr\/?page_id=11759\" target=\"_self\" aria-label=\"souhaiteAdherer_1\"><img decoding=\"async\" width=\"632\" height=\"367\" alt=\"Adh\u00e9rer\" src=\"https:\/\/www.maeva-polynesie.fr\/wp-content\/uploads\/2016\/05\/souhaiteAdherer_1.png\" class=\"img-responsive wp-image-12171\" srcset=\"https:\/\/www.maeva-polynesie.fr\/wp-content\/uploads\/2016\/05\/souhaiteAdherer_1-200x116.png 200w, https:\/\/www.maeva-polynesie.fr\/wp-content\/uploads\/2016\/05\/souhaiteAdherer_1-400x232.png 400w, https:\/\/www.maeva-polynesie.fr\/wp-content\/uploads\/2016\/05\/souhaiteAdherer_1-600x348.png 600w, https:\/\/www.maeva-polynesie.fr\/wp-content\/uploads\/2016\/05\/souhaiteAdherer_1.png 632w\" sizes=\"(max-width: 800px) 100vw, 400px\" \/><\/a><\/span><\/div><div class=\"fusion-clearfix\"><\/div><\/div><\/div><\/div><\/div><div class=\"fusion-fullwidth fullwidth-box fusion-builder-row-2 hundred-percent-fullwidth non-hundred-percent-height-scrolling\" style=\"--awb-border-radius-top-left:0px;--awb-border-radius-top-right:0px;--awb-border-radius-bottom-right:0px;--awb-border-radius-bottom-left:0px;--awb-overflow:visible;--awb-flex-wrap:wrap;\" ><div class=\"fusion-builder-row fusion-row\"><div class=\"fusion-layout-column fusion_builder_column fusion-builder-column-2 fusion_builder_column_1_1 1_1 fusion-one-full fusion-column-first fusion-column-last\" style=\"--awb-bg-size:cover;\"><div class=\"fusion-column-wrapper fusion-flex-column-wrapper-legacy\"><div class=\"fusion-text fusion-text-1\"><h1>Pr\u00e9sentation de l&#8217;association<\/h1>\n<p>L\u2019acronyme <strong>MAEVA<\/strong> qui a donn\u00e9 le nom de l\u2019association signifie\u00a0: <strong>M<\/strong>ouvement <strong>A<\/strong>ssociatif pour les <strong>E<\/strong>nfants <strong>V<\/strong>enus des <strong>A<\/strong>rchipels de Polyn\u00e9sie<br \/>\nEt en tahitien, Maeva signifie \u00ab\u00a0Bienvenue\u00a0\u00bb\u00a0!<\/p>\n<p><strong>L&#8217;association MAEVA Polyn\u00e9sie a \u00e9t\u00e9 cr\u00e9\u00e9e en 1995<\/strong> par des parents ayant adopt\u00e9 des enfants en Polyn\u00e9sie<\/p>\n<p><strong>Ce n&#8217;est pas une \u0153uvre d&#8217;adoption<\/strong>, elle ne propose pas d&#8217;enfants \u00e0 adopter, elle n&#8217;a pas, non plus, pour vocation de promouvoir l&#8217;adoption en Polyn\u00e9sie.<br \/>\nC\u2019est une association nationale <em>apolitique<\/em><em>,<\/em> non confessionnelle et \u00e0 but non lucratif.<br \/>\nC\u2019est avant tout un <strong>espace d\u2019\u00e9changes<\/strong>, de rencontres, de t\u00e9moignages et d\u2019information pour les familles ayant adopt\u00e9 ou souhaitant adopter en Polyn\u00e9sie et pour nos enfants, dans la singularit\u00e9 de leur adoption.<br \/>\nElle est un<strong> interlocuteur privil\u00e9gi\u00e9<\/strong> pour les candidats \u00e0 l&#8217;adoption, les professionnels de l&#8217;enfance, les pouvoirs publics et les m\u00e9dias.<\/p>\n<p>Nous sommes le <strong>premier regroupement en France<\/strong>, de familles adoptives d&#8217;enfants polyn\u00e9siens, et sommes tous des b\u00e9n\u00e9voles.<\/p>\n<p>Nous avons maintenant un recul sur environ 2 000 enfants.<\/p>\n<p>L\u2019association est dirig\u00e9e par un Conseil d\u2019Administration de 24 membres comportant un <a href=\"https:\/\/www.maeva-polynesie.fr\/?page_id=11753\">bureau de 8 personnes<\/a>.<\/p>\n<h2><\/h2>\n<\/div><div class=\"fusion-text fusion-text-2\"><h1><\/h1>\n<h1>Les buts de l\u2019association<\/h1>\n<p><strong>Informer<\/strong> les postulants sur les sp\u00e9cificit\u00e9s de l&#8217;adoption en Polyn\u00e9sie afin :<\/p>\n<ul>\n<li>qu\u2019ils d\u00e9couvrent si cette adoption particuli\u00e8re est compatible avec leur conception de la parentalit\u00e9,<\/li>\n<li>de pr\u00e9parer les familles qui partent avec un projet d\u2019adoption pour mener \u00e0 bien le s\u00e9jour sur place. Aborder avec elles les grandes \u00e9tapes de cette adoption :\n<ul>\n<li>le contact avec les familles polyn\u00e9siennes,<\/li>\n<li>l&#8217;\u00e9laboration avec les parents polyn\u00e9siens d&#8217;un projet de vie pour l&#8217;enfant,<\/li>\n<li>le recueil de l&#8217;enfant,<\/li>\n<li>la proc\u00e9dure de DAP.<\/li>\n<\/ul>\n<\/li>\n<li>d\u2019\u0153uvrer \u00e0 ce que les adoptions se fassent dans l&#8217;int\u00e9r\u00eat des enfants et dans le respect des traditions polyn\u00e9siennes, \u00e0 savoir :\n<ul>\n<li>connaissance par l\u2019enfant de son histoire,<\/li>\n<li>maintien des liens g\u00e9n\u00e9ralement demand\u00e9 par les familles polyn\u00e9siennes,<\/li>\n<li>possibilit\u00e9 d\u2019obtenir une adoption simple ou une adoption pl\u00e9ni\u00e8re selon la d\u00e9cision des parents biologiques &#8230;.<\/li>\n<\/ul>\n<\/li>\n<\/ul>\n<p><strong>Permettre des contacts<\/strong> entre des enfants qui ont connu le m\u00eame parcours d\u2019adoption, leur donner la possibilit\u00e9 d\u2019\u00e9changer sur leur v\u00e9cu, sur leur(s) voyage(s) en Polyn\u00e9sie, leur(s) rencontre(s) avec leur famille biologique.<\/p>\n<p><strong>Favoriser le lien<\/strong> entre les familles adoptives d&#8217;enfants polyn\u00e9siens, \u00eatre un lieu d&#8217;\u00e9change o\u00f9 peuvent s&#8217;exprimer le v\u00e9cu et les histoires de chacun.<\/p>\n<p><strong>Organiser un regroupement annuel<\/strong> et festif propice aux \u00e9changes entre enfants, entre parents et proposant des ateliers de discussions libres ou \u00e0 th\u00e9matiques. Cette f\u00eate de M.A.E.V.A. se d\u00e9roule chaque ann\u00e9e lors du week-end de Pentec\u00f4te, moment o\u00f9 se tient \u00e9galement l&#8217;Assembl\u00e9e G\u00e9n\u00e9rale.<\/p>\n<p><strong>Soutenir et conseiller<\/strong> les familles adoptives aux diff\u00e9rentes \u00e9tapes\u00a0par exemple :<\/p>\n<ul>\n<li>lors des d\u00e9marches administratives \u00e0 leur retour avec l\u2019enfant,<\/li>\n<li>en \u00e9tant un interlocuteur en cas de difficult\u00e9 avec les diff\u00e9rents services ou administrations \u00a0(CPAM, Conseils G\u00e9n\u00e9raux \u2026),<\/li>\n<li>par une aide au moment du passage de la d\u00e9l\u00e9gation d\u2019autorit\u00e9 parentale \u00e0 la requ\u00eate du jugement d\u2019adoption,<\/li>\n<li>pour retrouver les parents biologiques par le r\u00e9seau des familles se rendant en Polyn\u00e9sie<\/li>\n<li>lors de la pr\u00e9paration d\u2019un retour en Polyn\u00e9sie \u2026<\/li>\n<\/ul>\n<p><strong>Proposer notre exp\u00e9rience<\/strong> dans la r\u00e9flexion sur les \u00e9ventuelles \u00e9volutions de proc\u00e9dure.<\/p>\n<ul>\n<li>Aider l&#8217;enfance en difficult\u00e9 en Polyn\u00e9sie (Ex : Villages d&#8217;enfants &#8230;).<\/li>\n<\/ul>\n<\/div><div class=\"fusion-text fusion-text-3\"><h6><\/h6>\n<h6>Page cr\u00e9\u00e9e par MR le 5 octobre 2017 &#8211; \u00a0modifi\u00e9e par MR le : 8 mai 2018<\/h6>\n<\/div><div class=\"fusion-clearfix\"><\/div><\/div><\/div><\/div><\/div><\/p>\n","protected":false},"excerpt":{"rendered":"","protected":false},"author":1,"featured_media":0,"parent":0,"menu_order":0,"comment_status":"closed","ping_status":"closed","template":"","meta":{"footnotes":""},"class_list":["post-11737","page","type-page","status-publish","hentry"],"_links":{"self":[{"href":"https:\/\/www.maeva-polynesie.fr\/index.php?rest_route=\/wp\/v2\/pages\/11737","targetHints":{"allow":["GET"]}}],"collection":[{"href":"https:\/\/www.maeva-polynesie.fr\/index.php?rest_route=\/wp\/v2\/pages"}],"about":[{"href":"https:\/\/www.maeva-polynesie.fr\/index.php?rest_route=\/wp\/v2\/types\/page"}],"author":[{"embeddable":true,"href":"https:\/\/www.maeva-polynesie.fr\/index.php?rest_route=\/wp\/v2\/users\/1"}],"replies":[{"embeddable":true,"href":"https:\/\/www.maeva-polynesie.fr\/index.php?rest_route=%2Fwp%2Fv2%2Fcomments&post=11737"}],"version-history":[{"count":42,"href":"https:\/\/www.maeva-polynesie.fr\/index.php?rest_route=\/wp\/v2\/pages\/11737\/revisions"}],"predecessor-version":[{"id":12871,"href":"https:\/\/www.maeva-polynesie.fr\/index.php?rest_route=\/wp\/v2\/pages\/11737\/revisions\/12871"}],"wp:attachment":[{"href":"https:\/\/www.maeva-polynesie.fr\/index.php?rest_route=%2Fwp%2Fv2%2Fmedia&parent=11737"}],"curies":[{"name":"wp","href":"https:\/\/api.w.org\/{rel}","templated":true}]}}